). Let y(v) = b*z(v) + w(v). Let d be y(-6). What is the highest common divisor of 36 and d?
12
Let s be (-1 - -2) + (48 - 1). Let w(k) = 8*k**2 + 38*k**3 - 3*k + 0*k - 57*k**3 + 18*k**3. Let f be w(3). Calculate the greatest common divisor of f and s.
12
Suppose -6*d + 1970 + 2206 = 0. Suppose 5*i - d = i. Suppose -2*y = -4*u + i, -5*y - 90 = -2*u + 9. Calculate the highest common divisor of 42 and u.
42
Let h(g) = -g**3 + 11*g**2 - g - 40. Let a be h(10). Let s(x) = x**2 - 52*x + 163. Let c be s(a). Calculate the highest common factor of c and 7.
7
Let c be 35 + -1 + -28 - (1 + -413). What is the highest common factor of c and 110?
22
Let u(x) = 4*x**3 - x**2 - 4. Let r be u(0). Let h be -3*(7 + -5)*r. Let d = 127 + 41. What is the highest common factor of h and d?
24
Let n be -7 + (1 - -24) + 6. Calculate the highest common factor of n and 9736.
8
Suppose 0 = 3*m - 3*n - 1557, -3*m = -2*n - 1136 - 422. Suppose -f + m = 376. Calculate the highest common divisor of f and 18.
18
Let r be (66/(-55))/(1 + (-313)/310). What is the greatest common divisor of r and 1209?
31
Let q(t) = t**2 + 2*t - 7. Let w be q(-8). Suppose -574 = -21*i + 7*i. Calculate the greatest common factor of i and w.
41
Let y(v) = -611*v - 2388. Let c be y(-4). What is the highest common divisor of c and 3962?
14
Suppose 225590 - 39119 + 233733 = 114*n. Calculate the greatest common factor of n and 38.
38
Let r = 21 + 140. Let t = 29 - -19. Let l be t/2 + (-10 - -9). What is the highest common factor of r and l?
23
Let y(l) = 13*l + 4198. Let u be y(64). What is the greatest common divisor of u and 10?
10
Let h = 69 + -45. Let x(c) = c**3 + 6*c - 2. Let o be x(5). Let p = -145 + o. What is the greatest common factor of h and p?
8
Let o = -37 - -73. Let x = 16170 - 16140. Calculate the greatest common divisor of o and x.
6
Let g(z) = -760 + 8*z**2 + 758 + 13*z + 38*z. Let s be g(-7). Calculate the greatest common divisor of s and 242.
11
Suppose -470 + 126 = -4*h. Let k = h - 43. What is the highest common factor of k and 43?
43
Let m be 9/(-75)*(-4 - -9) + 268401/35. What is the greatest common divisor of m and 4686?
426
Suppose 17*f - 13*f = 200. Suppose -4*y + 524 = -4*p, -4*p = -5*y - f + 706. Let l = y - 104. Calculate the highest common factor of 252 and l.
28
Let v = 801 + -857. Let j be -14*(584/v - -9). What is the highest common divisor of 270 and j?
10
Let f(p) = -2*p**2 + p + 36. Let t be f(0). Let m(g) = -6*g + 328. Let q be m(t). Calculate the highest common factor of q and 7.
7
Let g(q) = 44*q**2 - 8*q - 2. Suppose -17*d = -14*d + 111. Let p = d - -34. Let t be g(p). Calculate the highest common divisor of 38 and t.
38
Suppose -5*w = p - 75, -77 = -p + 2*w - 5*w. What is the greatest common divisor of 16 and p?
16
Let k = 3470 + 303. What is the highest common divisor of k and 66?
11
Let r be 5/(-30) + 62/12. Let a be ((-6)/(-5))/(3/r). Let z be -1 + (-50)/(-5) + a. Calculate the highest common factor of z and 99.
11
Let q(n) = n**3 + 21*n**2 + 62*n - 352. Let y be q(-14). What is the highest common factor of y and 16?
8
Suppose 70*c - 176*c + 79344 = -77*c. Calculate the greatest common divisor of c and 57.
57
Let x be -10 - -7 - (4 - (5 + -3)) - -241. Calculate the greatest common divisor of x and 20.
4
Suppose -1836 = 363*d - 380*d. Calculate the greatest common divisor of d and 3564.
108
Suppose 3*q + 374 = 5*g + 23, -4*q = 4*g + 436. Let f = q + 113. What is the greatest common factor of f and 11?
1
Let v = 4946 + -4810. What is the greatest common factor of v and 799?
17
Let i(r) = -r**2 + 24*r + 122. Let t be i(36). Let z = t + 334. Calculate the greatest common divisor of 200 and z.
8
Let o(s) = -11*s - 8*s + 69*s**2 + 14*s - 5 + 19*s**2. Let d be o(-2). What is the greatest common divisor of 102 and d?
51
Let n(g) = -225*g + 390. Let w be n(-14). What is the greatest common divisor of 12 and w?
12
Suppose 62*u - 233 - 56 = 621 - 166. Let p = -14 + 34. Calculate the greatest common factor of u and p.
4
Let i = 114 - 105. Let b be (79 - 43)/(1/2). What is the greatest common factor of i and b?
9
Let h = 9689 + -9560. What is the highest common factor of 5805 and h?
129
Suppose 0 = -3*b + 5*x + 245, -x + 241 = 3*b - 2*x. Let h = 430 + -382. What is the greatest common factor of b and h?
16
Let t be 2/(-4) + (-21)/(-6). Let f be (-72)/(-108) + 2 + 2296/t. Calculate the greatest common divisor of f and 12.
12
Suppose 125 = 5*b - 45. Let r(z) = z**3 + 29*z**2 - 5*z - 139. Let g be r(-29). Calculate the highest common factor of b and g.
2
Suppose 4*v + 2*p - 578 = 0, -p + 2 + 1 = 0. Let m = -92 - -93. Let g be 16 + -20 + 17*m. Calculate the greatest common factor of g and v.
13
Let f(g) = 37*g**2 + 103*g - 1057. Let x be f(19). What is the greatest common divisor of x and 53?
53
Suppose y - 2*q - 140 = 0, 19*q + 141 = y + 16*q. Calculate the greatest common divisor of y and 1863.
69
Let t be ((-160)/(-24))/(5/3 - 1). Let m = t - -42. Suppose g + 4*s - 71 = m, -s = 5. Calculate the highest common divisor of 13 and g.
13
Suppose -555*x + 550*x = -3620. Let m = x + -625. What is the highest common factor of m and 55?
11
Suppose -23*b = -114775 + 21142. Calculate the highest common divisor of b and 354.
177
Let l(r) = r**3 + 15*r**2 + 53*r - 4. Let c = -605 + 597. Let z be l(c). What is the highest common divisor of 120 and z?
20
Suppose -62*j = c - 59*j - 18, -c + 28 = -2*j. Calculate the greatest common factor of 48 and c.
24
Suppose 8*s = -15*s + 35849 + 26182. Calculate the highest common factor of 1023 and s.
93
Let c be (-3760)/(-60) + (-1)/(-3). Let y be (3444/c)/(((-12)/45)/(-2)). What is the highest common factor of y and 10?
10
Let c be 10/(-7)*(20 + -62). Suppose -11*r + 28 = -c. Calculate the greatest common divisor of 376 and r.
8
Let h = 18725 + -18699. What is the greatest common factor of h and 388?
2
Let b be (-2)/8 + (17622/88)/1. What is the greatest common divisor of 1900 and b?
100
Let b = 8596 - 7516. Calculate the highest common factor of b and 40.
40
Let c(t) = -2*t + 10. Let m be c(9). Let o be 138/(m/(-3) + -2). Let d = -6099 - -6122. What is the highest common factor of d and o?
23
Let k = 91 + -11. Suppose -4*y + k = -0*y. Suppose -30*a + 1131 = -437 + 68. What is the greatest common factor of a and y?
10
Let q = 20 - 20. Suppose q = 4*r - 6*r + 328. Let u = 90 - 49. Calculate the greatest common factor of u and r.
41
Let o(d) = d**3 + d**2 - 83*d - 4. Let b = 155 + -146. Let p be o(b). Calculate the highest common factor of 177 and p.
59
Let m = -194 + 202. Let r(t) = 2*t**3 - 9*t**2 + 38 - 54 - t**3 + 11*t. Let s be r(8). Calculate the greatest common factor of m and s.
8
Suppose -a + 69 = 2*k, -22*a = -2*k - 18*a + 54. Calculate the greatest common divisor of 2431 and k.
11
Let o(g) = -16*g + 64. Let f be o(2). Let c = -18 + f. Calculate the highest common divisor of c and 434.
14
Let s be 4 + 92/(-24) + ((-20944)/96)/(-11). Calculate the highest common divisor of s and 9140.
20
Let w(c) = -1811*c + 3784. Let z be w(2). What is the highest common divisor of 3474 and z?
18
Let k be (-3 + 2)/((-1)/5). Suppose 4*b = 37*b - 1782. Suppose 141 = k*h - b. Calculate the greatest common divisor of h and 26.
13
Suppose -4*s + 9*x = 5*x - 864, -4*x = 8. Let f = 33 + s. Calculate the greatest common divisor of f and 38.
19
Suppose 3*p + 246 = 4*f - 396, -5*p - 328 = -2*f. Let y = 289 - f. Calculate the greatest common divisor of y and 52.
26
Suppose -8*k + 10*k = -3*z + 556, 2*k = z - 164. What is the greatest common divisor of 1810 and z?
10
Let z be (1784/15)/8 + 8/60. Let m be 2*(z/10)/(-4 + 7). Calculate the highest common divisor of 1 and m.
1
Let n(a) = -11*a - 2. Let d be n(-10). Suppose -3*c = -21 - d. Suppose -41 = -2*m + c. Calculate the highest common divisor of m and 105.
21
Suppose -3*c = -b + 119, b - 2*c + 270 = 3*b. Suppose -b + 83 = 3*o. Let f = 48 + o. What is the greatest common factor of 96 and f?
32
Let y(j) = 2*j**3 - 35*j**2 + 20*j + 8. Let x be y(17). Let m = x + 21. Calculate the greatest common divisor of 100 and m.
20
Let v = 12775 - 9112. Calculate the highest common divisor of 165 and v.
33
Suppose b = q + 3*q + 12, -4*b + 2*q + 34 = 0. Let j = -57877 + 58109. What is the greatest common divisor of j and b?
8
